{"id":5,"date":"2020-01-13T11:17:52","date_gmt":"2020-01-13T11:17:52","guid":{"rendered":"https:\/\/demosites.io\/web-agency-gb\/?page_id=5"},"modified":"2025-08-30T05:07:07","modified_gmt":"2025-08-30T05:07:07","slug":"15c42-web-agency-gb-home","status":"publish","type":"page","link":"https:\/\/palekastro.pl\/","title":{"rendered":"home Palekastro windsuring Crete"},"content":{"rendered":"\n<div class=\"wp-block-group\"><div class=\"wp-block-group__inner-container\">\n<div class=\"wp-block-columns\">\n<div class=\"wp-block-column\" style=\"flex-basis:100%\">\n<figure class=\"wp-block-image alignfull size-full is-style-\"><img loading=\"lazy\" width=\"2560\" height=\"1439\" src=\"https:\/\/palekastro.pl\/wp-content\/uploads\/2023\/02\/GPTempDownload-edited-scaled.jpg\" alt=\"\" class=\"wp-image-2359\" srcset=\"https:\/\/palekastro.pl\/wp-content\/uploads\/2023\/02\/GPTempDownload-edited-scaled.jpg 2560w, https:\/\/palekastro.pl\/wp-content\/uploads\/2023\/02\/GPTempDownload-edited-300x169.jpg 300w, https:\/\/palekastro.pl\/wp-content\/uploads\/2023\/02\/GPTempDownload-edited-1024x576.jpg 1024w, https:\/\/palekastro.pl\/wp-content\/uploads\/2023\/02\/GPTempDownload-edited-768x432.jpg 768w, https:\/\/palekastro.pl\/wp-content\/uploads\/2023\/02\/GPTempDownload-edited-1536x863.jpg 1536w, https:\/\/palekastro.pl\/wp-content\/uploads\/2023\/02\/GPTempDownload-edited-2048x1151.jpg 2048w, https:\/\/palekastro.pl\/wp-content\/uploads\/2023\/02\/GPTempDownload-edited-18x10.jpg 18w\" sizes=\"(max-width: 2560px) 100vw, 2560px\" \/><\/figure>\n\n\n\n<p><\/p>\n<\/div>\n<\/div>\n<\/div><\/div>\n\n\n\n<div class=\"wp-block-columns\">\n<div class=\"wp-block-column\">\n<h3 class=\"has-text-align-center has-neve-text-color-color has-text-color\">Wybierz najnowszy sprz\u0119t<\/h3>\n\n\n\n<h3 class=\"has-text-align-center has-neve-text-color-color has-text-color\">        z kolekcji <span style=\"color:#68216f\" class=\"has-inline-color\">2025<\/span><\/h3>\n\n\n\n<p><\/p>\n\n\n\n<p class=\"has-text-align-center\">WING Foil <strong>JP<\/strong>, <strong>NEIL PRYDE<\/strong>,  <strong>JP<\/strong>, <strong>ENSIS<\/strong><\/p>\n\n\n\n<p class=\"has-text-align-center\"> Deski <strong>JP<\/strong> i \u017cagle <strong>NEIL PRYDE<\/strong> <\/p>\n\n\n\n<div style=\"height:20px\" aria-hidden=\"true\" class=\"wp-block-spacer\"><\/div>\n<\/div>\n\n\n\n<div class=\"wp-block-column is-vertically-aligned-top\">\n<h3 class=\"alignfull has-text-align-center has-neve-text-color-color has-text-color\">Szkolenia na miar\u0119 <\/h3>\n\n\n\n<h3 class=\"alignfull has-text-align-center has-neve-text-color-color has-text-color\">Twoich potrzeb<\/h3>\n\n\n\n<p><\/p>\n\n\n\n<p class=\"has-text-align-center\">Nasze do\u015bwiadczenie zdobyte przez kilkana\u015bcie lat, z Twoim zaanga\u017cowaniem s\u0105 gwarancj\u0105 Twojego progresu. <\/p>\n\n\n\n<div style=\"height:20px\" aria-hidden=\"true\" class=\"wp-block-spacer\"><\/div>\n<\/div>\n\n\n\n<div class=\"wp-block-column\">\n<h3 class=\"has-text-align-center has-neve-text-color-color has-text-color\">Codzienny mocny wiatr <\/h3>\n\n\n\n<h3 class=\"has-text-align-center has-neve-text-color-color has-text-color\">gwarantuje &#8222;ogie\u0144&#8221; <\/h3>\n\n\n\n<p><\/p>\n\n\n\n<p class=\"has-text-align-center\">Statystyki dla Palekastro w okresie od po\u0142owy czerwca do po\u0142owy wrze\u015bnia s\u0105 osza\u0142amiaj\u0105ce. <\/p>\n\n\n\n<p><\/p>\n\n\n\n<div style=\"height:20px\" aria-hidden=\"true\" class=\"wp-block-spacer\"><\/div>\n<\/div>\n<\/div>\n\n\n\n<div class=\"wp-block-cover alignfull has-nv-light-bg-background-color has-background-dim\" style=\"min-height:600px\"><div class=\"wp-block-cover__inner-container\">\n<div class=\"wp-block-group\"><div class=\"wp-block-group__inner-container\">\n<div style=\"height:80px\" aria-hidden=\"true\" class=\"wp-block-spacer\"><\/div>\n\n\n\n<div class=\"wp-block-columns\">\n<div class=\"wp-block-column is-vertically-aligned-bottom\" style=\"flex-basis:50%\">\n<div id=\"wp-block-themeisle-blocks-slider-c32668c4\" class=\"wp-block-themeisle-blocks-slider glide\" data-per-view=\"1\" data-gap=\"0\" data-peek=\"0\" data-autoplay=\"3000\" data-height=\"400px\" data-hide-arrows=\"true\"><div class=\"glide__track\" data-glide-el=\"track\"><div class=\"glide__slides\"><div class=\"wp-block-themeisle-blocks-slider-item-wrapper glide__slide\" tabindex=\"0\"><figure><img class=\"wp-block-themeisle-blocks-slider-item\" src=\"http:\/\/palekastro.pl\/wp-content\/uploads\/2024\/03\/JP-24.png\" alt=\"\" title=\"\" data-id=\"2478\"\/><\/figure><\/div><div class=\"wp-block-themeisle-blocks-slider-item-wrapper glide__slide\" tabindex=\"0\"><figure><img class=\"wp-block-themeisle-blocks-slider-item\" src=\"http:\/\/palekastro.pl\/wp-content\/uploads\/2023\/06\/Enisis.jpg\" alt=\"\" title=\"\" data-id=\"2432\"\/><\/figure><\/div><\/div><\/div><\/div>\n<\/div>\n\n\n\n<div class=\"wp-block-column is-vertically-aligned-center\" style=\"flex-basis:50%\">\n<h2 class=\"has-text-align-left has-neve-text-color-color has-text-color\">JP NeilPryde 2025<\/h2>\n\n\n\n<p class=\"has-text-align-left has-neve-text-color-color has-text-color\" style=\"font-size:17px\">Przygotowali\u015bmy dla Was super sprz\u0119t. P\u0142ywamy g\u0142\u00f3wnie na deskach <strong>JP FREESTYLEWAVE PRO EDITION <\/strong>&#8211; najwszechstronniejszej w\u015br\u00f3d wszystkich producent\u00f3w dost\u0119pnych na rynku. P\u0119dniki w ca\u0142o\u015bci sk\u0142adaj\u0105 si\u0119 z element\u00f3w firmy  <strong>NEIL PRYDE<\/strong>. <\/p>\n\n\n\n<p class=\"has-neve-text-color-color has-text-color\" style=\"font-size:18px\">Deski i skrzyd\u0142a <strong>NEIL PRYDE<\/strong> w naszej bazie.<\/p>\n\n\n\n<div class=\"wp-block-buttons is-content-justification-left\">\n<div class=\"wp-block-button is-style-default\"><a class=\"wp-block-button__link\" href=\"https:\/\/palekastro.pl\/index.php\/rental-palekastro-windsurfing-crete\/\" style=\"border-radius:2px\">Dowiedz si\u0119 wi\u0119cej o sprz\u0119cie<\/a><\/div>\n<\/div>\n<\/div>\n<\/div>\n\n\n\n<div style=\"height:40px\" aria-hidden=\"true\" class=\"wp-block-spacer\"><\/div>\n<\/div><\/div>\n<\/div><\/div>\n\n\n\n<div class=\"wp-block-cover alignfull has-nv-dark-bg-background-color has-background-dim\" style=\"min-height:600px\"><div class=\"wp-block-cover__inner-container\">\n<div class=\"wp-block-group\"><div class=\"wp-block-group__inner-container\">\n<div style=\"height:80px\" aria-hidden=\"true\" class=\"wp-block-spacer\"><\/div>\n\n\n\n<div class=\"wp-block-columns are-vertically-aligned-center\">\n<div class=\"wp-block-column is-vertically-aligned-center\" style=\"flex-basis:50%\">\n<div id=\"wp-block-themeisle-blocks-slider-afd2f197\" class=\"wp-block-themeisle-blocks-slider glide\" data-per-view=\"1\" data-gap=\"0\" data-peek=\"0\" data-autoplay=\"3000\" data-height=\"400px\" data-hide-arrows=\"true\"><div class=\"glide__track\" data-glide-el=\"track\"><div class=\"glide__slides\"><div class=\"wp-block-themeisle-blocks-slider-item-wrapper glide__slide\" tabindex=\"0\"><figure><img class=\"wp-block-themeisle-blocks-slider-item\" src=\"http:\/\/palekastro.pl\/wp-content\/uploads\/2021\/06\/funny-Rik-scaled.jpg\" alt=\"\" title=\"\" data-id=\"1672\"\/><\/figure><\/div><div class=\"wp-block-themeisle-blocks-slider-item-wrapper glide__slide\" tabindex=\"0\"><figure><img class=\"wp-block-themeisle-blocks-slider-item\" src=\"http:\/\/palekastro.pl\/wp-content\/uploads\/2021\/06\/Rik-scaled.jpg\" alt=\"\" title=\"\" data-id=\"1677\"\/><\/figure><\/div><\/div><\/div><\/div>\n<\/div>\n\n\n\n<div class=\"wp-block-column is-vertically-aligned-center\" style=\"flex-basis:50%\">\n<div style=\"height:40px\" aria-hidden=\"true\" class=\"wp-block-spacer\"><\/div>\n\n\n\n<h2 class=\"has-text-align-left has-nv-text-dark-bg-color has-text-color\">Statystyki nie k\u0142ami\u0105<\/h2>\n\n\n\n<p class=\"has-text-align-left has-nv-text-dark-bg-color has-text-color\" style=\"font-size:17px\">Wieloletnie dane i warunki sprawdzone na w\u0142asnych \u017caglach  gwarantuj\u0105 bardzo mocny wiatr przez ca\u0142e lato od rana do wieczora. <\/p>\n\n\n\n<div class=\"wp-block-buttons is-content-justification-left\">\n<div class=\"wp-block-button is-style-default\"><a class=\"wp-block-button__link has-background\" href=\"http:\/\/palekastro.pl\/index.php\/spot\/\" style=\"background-color:#0273a3\">dowiedz si\u0119 wi\u0119cej o spocie<\/a><\/div>\n<\/div>\n<\/div>\n<\/div>\n\n\n\n<div style=\"height:40px\" aria-hidden=\"true\" class=\"wp-block-spacer\"><\/div>\n<\/div><\/div>\n<\/div><\/div>\n\n\n\n<div class=\"wp-block-cover alignfull has-nv-light-bg-background-color has-background-dim\" style=\"min-height:420px\"><div class=\"wp-block-cover__inner-container\">\n<div style=\"height:80px\" aria-hidden=\"true\" class=\"wp-block-spacer\"><\/div>\n\n\n\n<div class=\"wp-block-columns\">\n<div class=\"wp-block-column ticss-4ce656f1\">\n<figure class=\"wp-block-image size-large is-resized is-style-rounded\"><img src=\"http:\/\/palekastro.pl\/wp-content\/uploads\/2021\/05\/PANA3718-1024x768.jpg\" alt=\"\" class=\"wp-image-1246\" width=\"500\" srcset=\"https:\/\/palekastro.pl\/wp-content\/uploads\/2021\/05\/PANA3718-1024x768.jpg 1024w, https:\/\/palekastro.pl\/wp-content\/uploads\/2021\/05\/PANA3718-300x225.jpg 300w, https:\/\/palekastro.pl\/wp-content\/uploads\/2021\/05\/PANA3718-768x576.jpg 768w, https:\/\/palekastro.pl\/wp-content\/uploads\/2021\/05\/PANA3718-1536x1152.jpg 1536w, https:\/\/palekastro.pl\/wp-content\/uploads\/2021\/05\/PANA3718-2048x1536.jpg 2048w\" sizes=\"(max-width: 1024px) 100vw, 1024px\" \/><\/figure>\n\n\n\n<p class=\"has-text-align-left has-neve-text-color-color has-text-color has-normal-font-size\">&#8222;<em>W tym sezonie by\u0142em dwukrotnie w Palekastro na Krecie i p\u0142ywa\u0142em na deskach od 99 l do 119 l, \u017cagle od 3,7 do 6,7. Obecnie m\u00f3j ulubiony zestaw to deska 99 l i \u017cagiel 4,5 m.<\/em> &#8222;<\/p>\n\n\n\n<p class=\"has-text-align-center has-neve-text-color-color has-text-color\">Ca\u0142y wywiad z niesamowitym Piotrem znajdziecie na:<\/p>\n\n\n\n<div class=\"wp-block-image\"><figure class=\"aligncenter size-large\"><a href=\"http:\/\/sieplywa.pl\/aktualnosci\/wywiady\/10544-sierozmawia-piotr-niewidomy-windsurfer\/\" target=\"_blank\" rel=\"noopener\"><img loading=\"lazy\" width=\"400\" height=\"138\" src=\"http:\/\/palekastro.pl\/wp-content\/uploads\/2021\/06\/sieplywa-1.png\" alt=\"\" class=\"wp-image-1694\" srcset=\"https:\/\/palekastro.pl\/wp-content\/uploads\/2021\/06\/sieplywa-1.png 400w, https:\/\/palekastro.pl\/wp-content\/uploads\/2021\/06\/sieplywa-1-300x104.png 300w\" sizes=\"(max-width: 400px) 100vw, 400px\" \/><\/a><\/figure><\/div>\n\n\n\n<div style=\"height:1px\" aria-hidden=\"true\" class=\"wp-block-spacer\"><\/div>\n<\/div>\n\n\n\n<div class=\"wp-block-column ticss-f6fc7494\">\n<figure class=\"wp-block-image size-large is-resized is-style-rounded\"><img src=\"http:\/\/palekastro.pl\/wp-content\/uploads\/2021\/05\/188837711_128683819236724_6383823910019213485_n-1024x683.jpg\" alt=\"\" class=\"wp-image-1328\" width=\"550\" srcset=\"https:\/\/palekastro.pl\/wp-content\/uploads\/2021\/05\/188837711_128683819236724_6383823910019213485_n-1024x683.jpg 1024w, https:\/\/palekastro.pl\/wp-content\/uploads\/2021\/05\/188837711_128683819236724_6383823910019213485_n-300x200.jpg 300w, https:\/\/palekastro.pl\/wp-content\/uploads\/2021\/05\/188837711_128683819236724_6383823910019213485_n-768x512.jpg 768w, https:\/\/palekastro.pl\/wp-content\/uploads\/2021\/05\/188837711_128683819236724_6383823910019213485_n-1536x1024.jpg 1536w, https:\/\/palekastro.pl\/wp-content\/uploads\/2021\/05\/188837711_128683819236724_6383823910019213485_n-2048x1365.jpg 2048w, https:\/\/palekastro.pl\/wp-content\/uploads\/2021\/05\/188837711_128683819236724_6383823910019213485_n-930x620.jpg 930w\" sizes=\"(max-width: 1024px) 100vw, 1024px\" \/><\/figure>\n\n\n\n<p class=\"has-text-align-left has-neve-text-color-color has-text-color has-normal-font-size\">&#8222;<em>Spot jest wymagaj\u0105cy i ca\u0142y czas zaskakuje. Temperatura powietrza i wody optymalna. Mo\u017cna siedzie\u0107 w wodzie godzinami. Codzienny wiatr pozwala na trenowanie kiedy chcesz. Wszyscy na bazie bardzo pomocni I zaanga\u017cowani. Sprz\u0119t jest rewelacyjny. Klimat w Freak Surfstation niepowtarzalny<\/em> <img loading=\"lazy\" height=\"16\" width=\"16\" alt=\"\ud83d\ude42\" src=\"https:\/\/static.xx.fbcdn.net\/images\/emoji.php\/v9\/ta5\/1.5\/16\/1f642.png\">.&#8221;<\/p>\n\n\n\n<p class=\"has-neve-text-color-color has-text-color\">Sebastian<\/p>\n\n\n\n<div style=\"height:20px\" aria-hidden=\"true\" class=\"wp-block-spacer\"><\/div>\n<\/div>\n<\/div>\n<\/div><\/div>\n\n\n\n<div class=\"wp-block-cover alignfull has-nv-dark-bg-background-color has-background-dim\" style=\"min-height:300px\"><div class=\"wp-block-cover__inner-container\">\n<h2 class=\"has-text-align-center has-nv-text-dark-bg-color has-text-color\">Prognoza dla Palekastro<\/h2>\n\n\n\n<div class=\"wp-block-buttons alignfull is-content-justification-center\">\n<div class=\"wp-block-button has-custom-width wp-block-button__width-25 is-style-primary\"><a class=\"wp-block-button__link has-nv-site-bg-color has-text-color has-background\" href=\"https:\/\/www.windguru.cz\/49261\" style=\"background-color:#0172a3\" target=\"_blank\" rel=\"noreferrer noopener\">WINguru<\/a><\/div>\n\n\n\n<div class=\"wp-block-button has-custom-width wp-block-button__width-25 is-style-primary\"><a class=\"wp-block-button__link has-nv-site-bg-color has-text-color has-background\" href=\"https:\/\/www.windfinder.com\/forecast\/palekastro_kouremenos\" style=\"background-color:#0274a5\" target=\"_blank\" rel=\"noreferrer noopener\">Windfinder<\/a><\/div>\n\n\n\n<div class=\"wp-block-button has-custom-width wp-block-button__width-25 is-style-primary\"><a class=\"wp-block-button__link has-nv-site-bg-color has-text-color has-background\" href=\"https:\/\/www.windy.com\/35.198\/26.254?34.685,26.254,8,m:eDOagSU\" style=\"background-color:#0271a1\" target=\"_blank\" rel=\"noreferrer noopener\">Windy<\/a><\/div>\n<\/div>\n\n\n\n<div class=\"wp-block-buttons is-content-justification-right\">\n<div class=\"wp-block-button\"><a class=\"wp-block-button__link has-background\" href=\"http:\/\/palekastro.pl\/index.php\/15c42-web-agency-gb-contact-us\/\" style=\"background-color:#0273a3\">Kontakt<\/a><\/div>\n<\/div>\n<\/div><\/div>\n\n\n\n<p><\/p>\n","protected":false},"excerpt":{"rendered":"<p>Wybierz najnowszy sprz\u0119t z kolekcji 2025 WING Foil JP, NEIL PRYDE, JP, ENSIS Deski JP i \u017cagle NEIL PRYDE Szkolenia na miar\u0119 Twoich potrzeb Nasze do\u015bwiadczenie zdobyte przez kilkana\u015bcie lat, z Twoim zaanga\u017cowaniem s\u0105 gwarancj\u0105 Twojego progresu. Codzienny mocny wiatr gwarantuje &#8222;ogie\u0144&#8221; Statystyki dla Palekastro w okresie od po\u0142owy czerwca do po\u0142owy wrze\u015bnia s\u0105 osza\u0142amiaj\u0105ce.<\/p>\n","protected":false},"author":1,"featured_media":0,"parent":0,"menu_order":0,"comment_status":"closed","ping_status":"closed","template":"","meta":{"neve_meta_sidebar":"full-width","neve_meta_container":"contained","neve_meta_enable_content_width":"on","neve_meta_content_width":90,"neve_meta_title_alignment":"","neve_meta_author_avatar":"","neve_post_elements_order":"","neve_meta_disable_header":"","neve_meta_disable_footer":"","neve_meta_disable_title":"on","_themeisle_gutenberg_block_has_review":false,"_ti_tpc_template_sync":false,"_ti_tpc_template_id":"cwhkd9lki581rusuhjti","spay_email":""},"_links":{"self":[{"href":"https:\/\/palekastro.pl\/index.php\/wp-json\/wp\/v2\/pages\/5"}],"collection":[{"href":"https:\/\/palekastro.pl\/index.php\/wp-json\/wp\/v2\/pages"}],"about":[{"href":"https:\/\/palekastro.pl\/index.php\/wp-json\/wp\/v2\/types\/page"}],"author":[{"embeddable":true,"href":"https:\/\/palekastro.pl\/index.php\/wp-json\/wp\/v2\/users\/1"}],"replies":[{"embeddable":true,"href":"https:\/\/palekastro.pl\/index.php\/wp-json\/wp\/v2\/comments?post=5"}],"version-history":[{"count":205,"href":"https:\/\/palekastro.pl\/index.php\/wp-json\/wp\/v2\/pages\/5\/revisions"}],"predecessor-version":[{"id":2533,"href":"https:\/\/palekastro.pl\/index.php\/wp-json\/wp\/v2\/pages\/5\/revisions\/2533"}],"wp:attachment":[{"href":"https:\/\/palekastro.pl\/index.php\/wp-json\/wp\/v2\/media?parent=5"}],"curies":[{"name":"wp","href":"https:\/\/api.w.org\/{rel}","templated":true}]}}