{"id":1280,"date":"2021-05-20T16:02:40","date_gmt":"2021-05-20T16:02:40","guid":{"rendered":"http:\/\/palekastro.pl\/?page_id=1280"},"modified":"2023-03-14T09:54:14","modified_gmt":"2023-03-14T09:54:14","slug":"attractions-palekastro-windsuring-crete","status":"publish","type":"page","link":"https:\/\/palekastro.pl\/index.php\/attractions-palekastro-windsuring-crete\/","title":{"rendered":"attractions Palekastro windsuring Crete"},"content":{"rendered":"\n<div class=\"wp-block-themeisle-blocks-advanced-columns has-2-columns has-desktop-equal-layout has-tablet-equal-layout has-mobile-collapsedRows-layout has-default-gap has-vertical-unset\" id=\"wp-block-themeisle-blocks-advanced-columns-b4ec3183\"><div class=\"wp-block-themeisle-blocks-advanced-columns-overlay\"><\/div><div class=\"innerblocks-wrap\">\n<div class=\"wp-block-themeisle-blocks-advanced-column\" id=\"wp-block-themeisle-blocks-advanced-column-371c3806\">\n<figure class=\"wp-block-gallery columns-1 is-cropped\"><ul class=\"blocks-gallery-grid\"><li class=\"blocks-gallery-item\"><figure><img loading=\"lazy\" width=\"1024\" height=\"701\" src=\"http:\/\/palekastro.pl\/wp-content\/uploads\/2021\/05\/DSC_0873-scaled-e1621527115624-1024x701.jpg\" alt=\"\" data-id=\"1284\" data-full-url=\"http:\/\/palekastro.pl\/wp-content\/uploads\/2021\/05\/DSC_0873-scaled-e1621527115624.jpg\" data-link=\"http:\/\/palekastro.pl\/dsc_0873\/\" class=\"wp-image-1284\" srcset=\"https:\/\/palekastro.pl\/wp-content\/uploads\/2021\/05\/DSC_0873-scaled-e1621527115624-1024x701.jpg 1024w, https:\/\/palekastro.pl\/wp-content\/uploads\/2021\/05\/DSC_0873-scaled-e1621527115624-300x205.jpg 300w, https:\/\/palekastro.pl\/wp-content\/uploads\/2021\/05\/DSC_0873-scaled-e1621527115624-768x525.jpg 768w, https:\/\/palekastro.pl\/wp-content\/uploads\/2021\/05\/DSC_0873-scaled-e1621527115624-1536x1051.jpg 1536w, https:\/\/palekastro.pl\/wp-content\/uploads\/2021\/05\/DSC_0873-scaled-e1621527115624-2048x1401.jpg 2048w\" sizes=\"(max-width: 1024px) 100vw, 1024px\" \/><\/figure><\/li><\/ul><\/figure>\n<\/div>\n\n\n\n<div class=\"wp-block-themeisle-blocks-advanced-column\" id=\"wp-block-themeisle-blocks-advanced-column-57f914f5\">\n<h2 class=\"has-medium-font-size\">Pla\u017ca VAI<\/h2>\n\n\n\n<p>Najbardziej rozpoznawalna pla\u017ca wschodniej Krety, zbli\u017cona do karaibskich klimat\u00f3w z lasem palmowym. Tury\u015bci przemierzaj\u0105 nieraz nawet po\u0142ow\u0119 Krety, wi\u0119c b\u0119d\u0105c na miejscu grzech nie zobaczy\u0107 \ud83d\ude42<\/p>\n<\/div>\n<\/div><\/div>\n\n\n\n<div class=\"wp-block-columns\">\n<div class=\"wp-block-column\">\n<figure class=\"wp-block-gallery columns-2 is-cropped\"><ul class=\"blocks-gallery-grid\"><li class=\"blocks-gallery-item\"><figure><img loading=\"lazy\" width=\"578\" height=\"1024\" src=\"http:\/\/palekastro.pl\/wp-content\/uploads\/2021\/05\/DSC_0858-578x1024.jpg\" alt=\"\" data-id=\"1282\" data-full-url=\"http:\/\/palekastro.pl\/wp-content\/uploads\/2021\/05\/DSC_0858-scaled.jpg\" data-link=\"http:\/\/palekastro.pl\/dsc_0858\/\" class=\"wp-image-1282\" srcset=\"https:\/\/palekastro.pl\/wp-content\/uploads\/2021\/05\/DSC_0858-578x1024.jpg 578w, https:\/\/palekastro.pl\/wp-content\/uploads\/2021\/05\/DSC_0858-169x300.jpg 169w, https:\/\/palekastro.pl\/wp-content\/uploads\/2021\/05\/DSC_0858-768x1361.jpg 768w, https:\/\/palekastro.pl\/wp-content\/uploads\/2021\/05\/DSC_0858-867x1536.jpg 867w, https:\/\/palekastro.pl\/wp-content\/uploads\/2021\/05\/DSC_0858-1155x2048.jpg 1155w, https:\/\/palekastro.pl\/wp-content\/uploads\/2021\/05\/DSC_0858-scaled.jpg 1444w\" sizes=\"(max-width: 578px) 100vw, 578px\" \/><\/figure><\/li><li class=\"blocks-gallery-item\"><figure><img loading=\"lazy\" width=\"578\" height=\"1024\" src=\"http:\/\/palekastro.pl\/wp-content\/uploads\/2021\/05\/DSC_0863-578x1024.jpg\" alt=\"\" data-id=\"1283\" data-full-url=\"http:\/\/palekastro.pl\/wp-content\/uploads\/2021\/05\/DSC_0863-scaled.jpg\" data-link=\"http:\/\/palekastro.pl\/dsc_0863\/\" class=\"wp-image-1283\" srcset=\"https:\/\/palekastro.pl\/wp-content\/uploads\/2021\/05\/DSC_0863-578x1024.jpg 578w, https:\/\/palekastro.pl\/wp-content\/uploads\/2021\/05\/DSC_0863-169x300.jpg 169w, https:\/\/palekastro.pl\/wp-content\/uploads\/2021\/05\/DSC_0863-768x1361.jpg 768w, https:\/\/palekastro.pl\/wp-content\/uploads\/2021\/05\/DSC_0863-867x1536.jpg 867w, https:\/\/palekastro.pl\/wp-content\/uploads\/2021\/05\/DSC_0863-1155x2048.jpg 1155w, https:\/\/palekastro.pl\/wp-content\/uploads\/2021\/05\/DSC_0863-scaled.jpg 1444w\" sizes=\"(max-width: 578px) 100vw, 578px\" \/><\/figure><\/li><\/ul><\/figure>\n<\/div>\n\n\n\n<div class=\"wp-block-column\">\n<p><\/p>\n\n\n\n<h2 class=\"has-medium-font-size\">W\u0105w\u00f3z Richtis<\/h2>\n\n\n\n<p>32 km w stron\u0119 Heraklionu znajduje si\u0119 w\u0105w\u00f3z Richtis. <\/p>\n\n\n\n<p>Parking przy drodze g\u0142\u00f3wnej jest oddalony od wej\u015bcia do w\u0105wozu ok. 1,3 km (mo\u017cna zjecha\u0107 ni\u017cej z tym, \u017ce droga zmienia si\u0119 w szutrow\u0105). Sam w\u0105w\u00f3z ma d\u0142ugo\u015b\u0107 ok. 4 km, przej\u015bcie go z g\u00f3ry wymaga dobrej sprawno\u015bci fizycznej i kondycji czas przej\u015bcia do morza i z powrotem to  min 3h. <\/p>\n\n\n\n<p>Jest te\u017c drugi spos\u00f3b zobaczenia cz\u0119\u015bci w\u0105wozu. Mo\u017cemy zjecha\u0107 samochodem na parking prawie przy samym morzu i wtedy doj\u015bcie od do\u0142u do najwi\u0119kszej atrakcji &#8211; wodospadu nie powinno sprawi\u0107 k\u0142opotu nikomu.<\/p>\n<\/div>\n<\/div>\n\n\n\n<p>Atrakcje wschodniej Krety znajdziecie te\u017c tutaj:<\/p>\n\n\n\n<figure class=\"wp-block-embed is-type-video is-provider-youtube wp-block-embed-youtube wp-embed-aspect-16-9 wp-has-aspect-ratio\"><div class=\"wp-block-embed__wrapper\">\n<div class=\"nv-iframe-embed\"><iframe loading=\"lazy\" title=\"Vai, Kouremenos, Kato Zakros, Dead&#039;s Gorge, Pelekita Cave  - Wschodnie kra\u0144ce Krety\/ Vlog Kreta\" width=\"1200\" height=\"675\" src=\"https:\/\/www.youtube.com\/embed\/kNRe4vxcmmE?start=3&#038;feature=oembed\" frameborder=\"0\" allow=\"accelerometer; autoplay; clipboard-write; encrypted-media; gyroscope; picture-in-picture\" allowfullscreen><\/iframe><\/div>\n<\/div><\/figure>\n\n\n\n<p><\/p>\n","protected":false},"excerpt":{"rendered":"<p>W\u0105w\u00f3z Richtis 32 km w stron\u0119 Heraklionu znajduje si\u0119 w\u0105w\u00f3z Richtis. Parking przy drodze g\u0142\u00f3wnej jest oddalony od wej\u015bcia do w\u0105wozu ok. 1,3 km (mo\u017cna zjecha\u0107 ni\u017cej z tym, \u017ce droga zmienia si\u0119 w szutrow\u0105). Sam w\u0105w\u00f3z ma d\u0142ugo\u015b\u0107 ok. 4 km, przej\u015bcie go z g\u00f3ry wymaga dobrej sprawno\u015bci fizycznej i kondycji czas przej\u015bcia do&hellip;&nbsp;<a href=\"https:\/\/palekastro.pl\/index.php\/attractions-palekastro-windsuring-crete\/\" class=\"\" rel=\"bookmark\">Czytaj dalej &raquo;<span class=\"screen-reader-text\">attractions Palekastro windsuring Crete<\/span><\/a><\/p>\n","protected":false},"author":1,"featured_media":0,"parent":0,"menu_order":0,"comment_status":"closed","ping_status":"closed","template":"","meta":{"neve_meta_sidebar":"full-width","neve_meta_container":"","neve_meta_enable_content_width":"on","neve_meta_content_width":92,"neve_meta_title_alignment":"","neve_meta_author_avatar":"","neve_post_elements_order":"","neve_meta_disable_header":"","neve_meta_disable_footer":"","neve_meta_disable_title":"on","_themeisle_gutenberg_block_has_review":false,"_ti_tpc_template_sync":false,"_ti_tpc_template_id":"","spay_email":""},"_links":{"self":[{"href":"https:\/\/palekastro.pl\/index.php\/wp-json\/wp\/v2\/pages\/1280"}],"collection":[{"href":"https:\/\/palekastro.pl\/index.php\/wp-json\/wp\/v2\/pages"}],"about":[{"href":"https:\/\/palekastro.pl\/index.php\/wp-json\/wp\/v2\/types\/page"}],"author":[{"embeddable":true,"href":"https:\/\/palekastro.pl\/index.php\/wp-json\/wp\/v2\/users\/1"}],"replies":[{"embeddable":true,"href":"https:\/\/palekastro.pl\/index.php\/wp-json\/wp\/v2\/comments?post=1280"}],"version-history":[{"count":9,"href":"https:\/\/palekastro.pl\/index.php\/wp-json\/wp\/v2\/pages\/1280\/revisions"}],"predecessor-version":[{"id":2255,"href":"https:\/\/palekastro.pl\/index.php\/wp-json\/wp\/v2\/pages\/1280\/revisions\/2255"}],"wp:attachment":[{"href":"https:\/\/palekastro.pl\/index.php\/wp-json\/wp\/v2\/media?parent=1280"}],"curies":[{"name":"wp","href":"https:\/\/api.w.org\/{rel}","templated":true}]}}